{"id":51,"date":"2020-07-27T11:39:47","date_gmt":"2020-07-27T09:39:47","guid":{"rendered":"http:\/\/serwer10763.lh.pl\/wordpress\/?page_id=51"},"modified":"2024-09-18T14:26:07","modified_gmt":"2024-09-18T12:26:07","slug":"nowe-muzeum-sztuki-nowoczesnej-otwarlo-swoje-powoje","status":"publish","type":"page","link":"https:\/\/ksiaznica.torun.pl\/muzeumcyfrowekoziol\/","title":{"rendered":"Galeria malarstwa W\u0142adys\u0142awa Kozio\u0142a"},"content":{"rendered":"<div class=\"n2_ss_slider_publish__option_code\" dir=\"ltr\" data-mode=\"id\"><\/div>\n","protected":false},"excerpt":{"rendered":"","protected":false},"author":1,"featured_media":0,"parent":0,"menu_order":0,"comment_status":"closed","ping_status":"closed","template":"","meta":{"footnotes":""},"class_list":["post-51","page","type-page","status-publish"],"_links":{"self":[{"href":"https:\/\/ksiaznica.torun.pl\/muzeumcyfrowekoziol\/wp-json\/wp\/v2\/pages\/51"}],"collection":[{"href":"https:\/\/ksiaznica.torun.pl\/muzeumcyfrowekoziol\/wp-json\/wp\/v2\/pages"}],"about":[{"href":"https:\/\/ksiaznica.torun.pl\/muzeumcyfrowekoziol\/wp-json\/wp\/v2\/types\/page"}],"author":[{"embeddable":true,"href":"https:\/\/ksiaznica.torun.pl\/muzeumcyfrowekoziol\/wp-json\/wp\/v2\/users\/1"}],"replies":[{"embeddable":true,"href":"https:\/\/ksiaznica.torun.pl\/muzeumcyfrowekoziol\/wp-json\/wp\/v2\/comments?post=51"}],"version-history":[{"count":14,"href":"https:\/\/ksiaznica.torun.pl\/muzeumcyfrowekoziol\/wp-json\/wp\/v2\/pages\/51\/revisions"}],"predecessor-version":[{"id":2369,"href":"https:\/\/ksiaznica.torun.pl\/muzeumcyfrowekoziol\/wp-json\/wp\/v2\/pages\/51\/revisions\/2369"}],"wp:attachment":[{"href":"https:\/\/ksiaznica.torun.pl\/muzeumcyfrowekoziol\/wp-json\/wp\/v2\/media?parent=51"}],"curies":[{"name":"wp","href":"https:\/\/api.w.org\/{rel}","templated":true}]}}